91760?
0
What is the units digit of 25180?
0
What is the tens digit of 130?
3
What is the units digit of 17290?
0
What is the units digit of 3087?
7
What is the units digit of 9777?
7
What is the ten thousands digit of 28092?
2
What is the tens digit of 160?
6
What is the thousands digit of 147848?
7
What is the thousands digit of 26574?
6
What is the units digit of 33246?
6
What is the tens digit of 485?
8
What is the units digit of 27579?
9
What is the tens digit of 10704?
0
What is the hundreds digit of 2040?
0
What is the hundreds digit of 797?
7
What is the ten thousands digit of 19375?
1
What is the units digit of 88841?
1
What is the units digit of 797?
7
What is the tens digit of 663?
6
What is the units digit of 20608?
8
What is the hundreds digit of 8918?
9
What is the hundreds digit of 178?
1
What is the tens digit of 1289?
8
What is the tens digit of 13515?
1
What is the thousands digit of 2784?
2
What is the tens digit of 17854?
5
What is the hundreds digit of 1853?
8
What is the hundreds digit of 502?
5
What is the tens digit of 11683?
8
What is the hundreds digit of 3044?
0
What is the hundreds digit of 26964?
9
What is the units digit of 55705?
5
What is the hundreds digit of 404?
4
What is the units digit of 666?
6
What is the ten thousands digit of 47288?
4
What is the thousands digit of 28447?
8
What is the hundreds digit of 25894?
8
What is the thousands digit of 11666?
1
What is the thousands digit of 32275?
2
What is the tens digit of 335?
3
What is the units digit of 563?
3
What is the ten thousands digit of 36735?
3
What is the units digit of 28?
8
What is the tens digit of 1687?
8
What is the hundreds digit of 2265?
2
What is the hundreds digit of 1859?
8
What is the thousands digit of 2606?
2
What is the hundreds digit of 2080?
0
What is the units digit of 259?
9
What is the tens digit of 15864?
6
What is the tens digit of 314?
1
What is the ten thousands digit of 11036?
1
What is the tens digit of 887?
8
What is the ten thousands digit of 12753?
1
What is the hundreds digit of 4453?
4
What is the thousands digit of 128533?
8
What is the hundreds digit of 6345?
3
What is the thousands digit of 26425?
6
What is the hundreds digit of 206?
2
What is the thousands digit of 3131?
3
What is the units digit of 75547?
7
What is the ten thousands digit of 113916?
1
What is the tens digit of 18613?
1
What is the thousands digit of 1077?
1
What is the hundreds digit of 47159?
1
What is the hundreds digit of 6398?
3
What is the tens digit of 373?
7
What is the hundreds digit of 1381?
3
What is the tens digit of 483?
8
What is the thousands digit of 14667?
4
What is the ten thousands digit of 27285?
2
What is the tens digit of 5958?
5
What is the hundred thousands digit of 118780?
1
What is the units digit of 932?
2
What is the tens digit of 264?
6
What is the units digit of 555?
5
What is the hundreds digit of 22047?
0
What is the units digit of 1084?
4
What is the ten thousands digit of 64383?
6
What is the hundreds digit of 2242?
2
What is the units digit of 71?
1
What is the units digit of 870?
0
What is the tens digit of 15040?
4
What is the units digit of 688?
8
What is the thousands digit of 8432?
8
What is the thousands digit of 58747?
8
What is the hundreds digit of 536?
5
What is the units digit of 1269?
9
What is the units digit of 97886?
6
What is the hundreds digit of 5098?
0
What is the ten thousands digit of 50591?
5
What is the tens digit of 158?
5
What is the units digit of 1099?
9
What is the tens digit of 8011?
1
What is the tens digit of 1272?
7
What is the hundreds digit of 361?
3
What is the tens digit of 4779?
7
What is the ten thousands digit of 26018?
2
What is the units digit of 1976?
6
What is the units digit of 3698?
8
What is the hundreds digit of 4111?
1
What is the units digit of 4858?
8
What is the tens digit of 22122?
2
What is the hundreds digit of 388?
3
What is the units digit of 53217?
7
What is the units digit of 2519?
9
What is the thousands digit of 4381?
4
What is the hundreds digit of 1415?
4
What is the tens digit of 4780?
8
What is the tens digit of 779?
7
What is the thousands digit of 2072?
2
What is the hundreds digit of 1807?
8
What is the thousands digit of 23974?
3
What is the tens digit of 1584?
8
What is the thousands digit of 8270?
8
What is the units digit of 34617?
7
What is the units digit of 1277?
7
What is the thousands digit of 1712?
1
What is the hundreds digit of 24039?
0
What is the hundreds digit of 20938?
9
What is the units digit of 10103?
3
What is the units digit of 5429?
9
What is the hundreds digit of 16112?
1
What is the thousands digit of 18250?
8
What is the tens digit of 946?
4
What is the units digit of 1532?
2
What is the units digit of 1512?
2
What is the hundreds digit of 1368?
3
What is the thousands digit of 4633?
4
What is the hundreds digit of 15990?
9
What is the thousands digit of 97387?
7
What is the tens digit of 24787?
8
What is the tens digit of 826?
2
What is the thousands digit of 25982?
5
What is the hundreds digit of 22097?
0
What is the hundreds digit of 3399?
3
What is the units digit of 672?
2
What is the tens digit of 18422?
2
What is the units digit of 8824?
4
What is the units digit of 5391?
1
What is the units digit of 811?
1
What is the hundreds digit of 981?
9
What is the hundreds digit of 615?
6
What is the thousands digit of 12434?
2
What is the units digit of 2262?
2
What is the tens digit of 94363?
6
What is the tens digit of 3457?
5
What is the ten thousands digit of 33066?
3
What is the tens digit of 8715?
1
What is the thousands digit of 2532?
2
What is the thousands digit of 59644?
9
What is the hundreds digit of 911?
9
What is the thousands digit of 78591?
8
What is the tens digit of 6121?
2
What is the thousands digit of 17453?
7
What is the hundreds digit of 86353?
3
What is the units digit of 5031?
1
What is the thousands digit of 9841?
9
What is the hundreds digit of 1957?
9
What is the thousands digit of 3903?
3
What is the tens digit of 1835?
3
What is the ten thousands digit of 14735?
1
What is the hundreds digit of 34595?
5
What is the units digit of 10094?
4
What is the tens digit of 971?
7
What is the hundreds digit of 1058?
0
What is the ten thousands digit of 35690?
3
What is the hundreds digit of 19631?
6
What is the tens digit of 97778?
7
What is the units digit of 15028?
8
What is the hundreds digit of 889?
8
What is the units digit of 786?
6
What is the units digit of 41197?
7
What is the tens digit of 1893?
9
What is the units digit of 597?
7
What is the hundreds digit of 7276?
2
What is the units digit of 1290?
0
What is the ten thousands digit of 43395?
4
What is the ten thousands digit of 15629?
1
What is the hundred thousands digit of 124285?
1
What is the units digit of 105820?
0
What is the tens digit of 5040?
4
What is the tens digit of 83648?
4
What is the ten thousands digit of 19739?
1
What is the hundreds digit of 773?
7
What is the hundreds digit of 82766?
7
What is the ten thousands digit of 12265?
1
What is the units digit of 11127?
7
What is the hundreds digit of 19525?
5
What is the hundreds digit of 141203?
2
What is the hundreds digit of 157266?
2
What is the tens digit of 17999?
9
What is the units digit of 4878?
8
What is the thousands digit of 14978?
4
What is the tens digit of 1118?
1
What is the tens digit of 257?
5
What is the units digit of 2165?
5
What is the tens digit of 7436?
3
What is the hundreds digit of 238?
2
What is the units digit of 6503?
3
What is the thousands digit of 61371?
1
What is the thousands digit of 4203?
4
What is the tens digit of 28342?
4
What is the hundreds digit of 27018?
0
What is the thousands digit of 13983?
3
What is the thousands digit of 4334?
4
What is the tens digit of 117279?
7
What is the units digit of 2032?
2
What is the hundreds digit of 156?
1
What is the hundreds digit of 2760?
7
What is the hundreds digit of 11324?
3
What is the tens digit of 634?
3
What is the units digit of 28955?
5
What is the thousands digit of 2385?
2
What is the thousands digit of 22436?
2
What is the ten thousands digit of 82046?
8
What is the tens digit of 398?
9
What is the thousands digit of 2102?
2
What is the hundreds digit of 1179?
1
What is the hundreds